5. Is i*4/(-8)*-8269 a prime number?
True
Let v(c) = 44543*c**2 - 31*c + 19. Is v(-3) composite?
True
Suppose 0 = -22*a + 25*a - 198003. Is a prime?
False
Suppose 4*z = -4*z + 131512. Suppose 4*q - 5*u - z = 0, -6*q + 12338 = -3*q + 5*u. Is q a prime number?
True
Let v = -6511 - -11253. Is v prime?
False
Suppose 2*q = 110 - 18. Is (-110914)/(-6) - (q/6 + -7) composite?
True
Suppose 0 = 60*i - 5049202 - 3289418. Is i composite?
False
Suppose -4*i + 5*y + 21 + 39 = 0, -4*i + 60 = -4*y. Let h(n) = 45*n - 6. Let d be h(i). Suppose -d = -0*s - 3*s. Is s prime?
True
Is (-300464)/(-178) + 1*3 a prime number?
False
Let m = -53 - -57. Suppose 5*k - 11111 = -3*c + 2382, -3*c = -3*k - 13533. Suppose -m*f = -10*f + c. Is f prime?
True
Suppose -5*j = -7*j - 8, -5*s - j + 186 = 0. Let o(r) = -r**3 + 39*r**2 - 8*r + 51. Is o(s) a composite number?
True
Let y(g) = 22*g - 44. Let v be y(2). Suppose -p + 1317 + 34 = v. Is p a composite number?
True
Suppose 0 = -33*a - 74586 + 187281. Let l(u) = -2*u - 7. Let t be l(-6). Suppose -2*m = t*d - 2563, 3*m + 2*d - a = 424. Is m prime?
True
Suppose 0 = 9*a - 2*a. Suppose -p - 2 = 0, a = -3*j - 2*j - 3*p + 4529. Is j a composite number?
False
Suppose 11*f = 33 + 55. Suppose 50*q = f*q + 13188. Is q a prime number?
False
Let t = 1459444 + -401853. Is t prime?
False
Suppose 5*g = -v - 3*v + 14547, 5*v = 2*g - 5832. Suppose 2*w + g = 337. Is (-5)/(5/2) - w prime?
False
Let z(k) = 10 + 9 - 6 + 3*k - k + 124*k**2. Is z(7) composite?
True
Let h(x) = -2*x**2 + 3*x + 17. Let s be h(-3). Let a(c) = -26*c - 7. Is a(s) a prime number?
False
Suppose -2061*v + k = -2062*v + 1036675, -3*k = 4*v - 4146706. Is v a composite number?
False
Let t be 9/(-12) - -2*(-14028)/(-32). Let c = t - 226. Suppose 242 = 2*s - c. Is s a composite number?
True
Let k(w) = 36*w - 175. Let i be k(5). Let a = 1872 - i. Is a prime?
True
Is 244/183*(-3)/(-16)*867572 prime?
False
Let j(r) = r**3 + 18*r**2 + 14*r - 22. Let q be j(-17). Let y = 594 + q. Is y composite?
True
Let g = -303985 + 696638. Is g composite?
True
Suppose 129763 + 294233 = -60*l + 72*l. Is l composite?
True
Suppose 2086331 + 472731 = 22*v. Is v composite?
True
Suppose -2*k + 7 = -d, 6*k - 4*k + 2*d = 4. Suppose 5*p - 5*w - 5585 = -7*w, k*p + 3*w = 3342. Is p composite?
True
Let u(h) = -16*h**3 - 15*h**2 - 127*h - 721. Is u(-13) composite?
False
Suppose 3*u = 511 + 650. Let z = 324 - 562. Let o = u + z. Is o a prime number?
True
Let x(v) = 17*v**2 + 112*v - 74. Is x(39) prime?
False
Let p(m) = 48*m**2 + 4*m + 291. Is p(-16) composite?
True
Let j be 156/36 + (-4)/(-6). Suppose -j*p - 7193 = -5*b - 2013, -b = 2*p - 1051. Is b composite?
True
Let t(u) = 11*u**3 - 2*u**2 + u + 2. Let j be t(-1). Is (20973/6)/((j/(-2))/36) a composite number?
True
Suppose -3*h + 35 = -16. Suppose -h*q + 6*q = -29183. Suppose -8948 + q = -5*k. Is k a prime number?
True
Let m = 6515 + 45494. Is m a composite number?
False
Suppose -236 + 816 = 5*v. Let u = 3599 + -3550. Let h = v - u. Is h a prime number?
True
Let u be (-35)/(-14)*(-8)/30*-6. Let v be 8 - (u + 1) - (-1 - 13). Suppose -v*t + 267 = -14*t. Is t a composite number?
False
Suppose 86*h + 39604 = 89*h - 5*q, -5*h + q = -65992. Is h a composite number?
True
Let a be (-6)/4*2/(-3). Suppose 238 = -4*o + 2*q + 390, q = -3*o + 99. Is 8277*(a/(-4) + o/60) a prime number?
False
Let y(t) = 17*t**2 - 466*t + 6958. Is y(15) composite?
False
Is (137180 - ((4 - 9) + 6))*1 a prime number?
False
Suppose -5*y - 261 = 2*q, -2*y - 90 = -2*q - 2*q. Let i = y - -63. Let z = i - -211. Is z a prime number?
True
Suppose -2*n + 5*n = -1022173 + 2512000. Is n composite?
False
Suppose 3*v - v - 2448 = 0. Let q = v + -575. Is q prime?
False
Is (-212)/(-212)*(-40954)/(-4)*2 a prime number?
True
Let h(f) = 20*f - 1876. Let s(n) = 7*n - 625. Suppose 7*j = 5*j - 12. Let l(y) = j*h(y) + 17*s(y). Is l(0) a composite number?
False
Let w = 33247 - 13975. Suppose 0 = -2*g - 4*f + 19278, 2*g - 2*f = -0*g + w. Is g a composite number?
True
Suppose 5971884 = 10*g + 8*g - 1469514. Is g composite?
False
Let x = 24 - 73. Let a = x - -52. Suppose 5*j - a*l = 1576, j = 2*l - 6*l + 329. Is j a prime number?
True
Suppose 199*y + 60007021 - 266517480 = 0. Is y a composite number?
False
Let k(d) be the first derivative of d**3/3 - 13*d**2/2 - 26*d + 9. Let j be k(15). Is (-4 + 6)*3674/j a prime number?
False
Let n(u) = 103*u**3 + 27*u**2 + 15*u. Let v(x) = -51*x**3 - 13*x**2 - 8*x - 1. Let o(d) = -2*n(d) - 5*v(d). Is o(7) prime?
False
Suppose 2*d = 3*h + 20486 + 124382, 3*d + h = 217291. Is d prime?
True
Let l(q) = q - 1. Let z be l(7). Let i be (34/z)/1 - (-4)/(-6). Suppose x = i*j - 14, 30 = 3*x - j + 2. Is x a prime number?
True
Let q(x) = -33*x**2 + 5 + 3 + 31*x**2 + 3*x**3 + 2*x. Let a be q(7). Is (-3 - -8 - 4)*a prime?
True
Let r = -103407 - -239285. Is r composite?
True
Suppose -11*j + 4 = -7*j. Suppose 0 = p - j, 12 = f + 3*p + 6. Suppose 0*i + 5*i + 12647 = 4*v, i + 9488 = f*v. Is v composite?
False
Let w = -1929709 - -3421638. Is w composite?
False
Suppose -12*x + 99120 = 12924. Is x prime?
False
Let x(d) = -d**2 + 10*d - 14. Let o be x(8). Suppose -o*k = -k. Is 686 - (-3 + 4 + k) prime?
False
Suppose 0 = -2*k - 90. Let h = -45 - k. Is -4 - ((h - 5) + -2776) a composite number?
False
Suppose 5*v - 66935 = 3*q + 24579, -q - 3 = 0. Is v prime?
True
Suppose 2*f - 25968 = -4*v, -3*f + 5*v + 51897 = f. Let j = -9145 + f. Is j composite?
False
Suppose -50047 = -5*f + 6*s - 10*s, -s - 30018 = -3*f. Is f prime?
True
Let v = -70 - -77. Suppose -m - 28164 = -v*m. Suppose -5*o = -a - 5040, -m + 648 = -4*o - 2*a. Is o prime?
True
Suppose -3*f = 3*n - 120813, 30 = -155*n + 150*n. Is f a prime number?
True
Is (172 - 343898)/(0 + 8)*-4 prime?
True
Suppose 114*u - 135*u = -487767. Is u a prime number?
True
Suppose -2*j = -3*z - 25, 2*j + 5 = 4*z + 35. Suppose 5*p + j*g - 40730 = 0, 2*p - 21703 = -5*g - 5414. Is p composite?
False
Suppose 5*g - 75 = -30. Suppose 3 + 6 = -g*d. Is (-2 - d)/(-4 - (-23673)/5919) composite?
False
Let b(u) = -u**3 + 2*u. Let m(l) = -5*l - 13. Let i be m(-3). Let a be b(i). Is a/2 + 14707/7 a composite number?
False
Let u(x) = 186*x + 4 + 21 - 12*x + 14*x. Is u(8) a composite number?
True
Suppose -6*z = 5*u - 3*z - 12, -7 = -4*u - 5*z. Let v(t) = -718*t + 5. Let l be v(u). Let q = -708 - l. Is q prime?
False
Suppose -26*y + 342 = -17*y. Is 38/y - (296 + 2)*-4 composite?
False
Let p(j) = -231*j - 35. Let f(z) = z**2 - 2*z - 19. Suppose 5*n = 5*r + 45, 6 = -2*n - 6*r + 2*r. Let o be f(n). Is p(o) a composite number?
True
Let h(f) = 52*f + 21. Let i be h(-6). Let v be i*(-2 + 0)/(-4 + -2). Let u = v + 404. Is u prime?
True
Let g(j) = j**3 - 6*j**2 + 3*j + 8. Let w be g(5). Let z(a) = 737*a**2 + 2*a + 5. Let m be z(w). Suppose 4*h - k - m = 0, 2*k + 0 = -2. Is h a composite number?
True
Suppose 0 = 9*h + 239829 - 367972 - 1400336. Is h a composite number?
False
Let g = 56691 + -20044. Is g a prime number?
False
Let x(k) = -2 - 66 - 34 + 11 - 18*k. Is x(-19) a composite number?
False
Suppose 0 = -47*v + 1523562 + 99536. Let l = v - 18851. Is l prime?
True
Let d(o) = 2*o**3 - 24*o**2 + 18*o - 20. Let g be d(11). Is g/(-96) - 33043/(-3) a composite number?
True
Suppose 5*x + 16 = 2*u, -4*u + x = -5*u + 1. Let n(j) = 60*j**3 + 3*j**2 - j - 2. Let h be n(u). Let k = 2979 - h. Is k composite?
True
Suppose 0*o - 3*o = -4*y + 933, 3*o - 3*y = -936. Let m be 2*1*(-2)/((-12)/o). Let n = 22 - m. Is n composite?
False
Let m = 9155 + 3600. Suppose -m = -12*l + 20209. Is l a prime number?
False
Suppose 0 = -6*y + 58 - 10. Suppose -5*h + 16 = -2*n, 5*h - 2*n - y = 4*h. Suppose -h*m = -4*i - 3170, 6340 = m + 3*m + 5*i. Is m a prime number?
False
Let s(r) = -167*r - 63. Let n(u) = u - 2. Let j(z) = -n(z) - s(z). Is j(6) a prime number?
True
Let o(p) = -91363*p - 1888. Is o(-3) composite?
False
Suppose 6*m - 33*q - 272679 = -28*q, q = 3*m - 136344. Is m a prime number?
False
Let r(q) = 8 - q**2 + 4*q**3 - 65*q + 85*q - 24*q. Let m = 7 + -2. Is r(m) prime?
True
Is 72421/15*(8 + 7) a composite number?
False
Suppose 5*j - 2037 = -c + 857, 2*c + 3*j - 5774 = 0. Suppose -c = 3*f + 1319. Let z = -604 - f. Is z composite?
False
Let o be (-20)/25 - (-540)/50. Is 4/o + 4285/75*27 prime?
True
Suppose -4*k 